vided by 14.
11
What is the remainder when 434 is divided by 63?
56
What is the remainder when 1208 is divided by 395?
23
Calculate the remainder when 151 is divided by 119.
32
Calculate the remainder when 467 is divided by 65.
12
What is the remainder when 1262 is divided by 288?
110
Calculate the remainder when 585 is divided by 147.
144
Calculate the remainder when 1307 is divided by 92.
19
What is the remainder when 113 is divided by 40?
33
Calculate the remainder when 123 is divided by 75.
48
Calculate the remainder when 30 is divided by 17.
13
What is the remainder when 182 is divided by 65?
52
Calculate the remainder when 222 is divided by 76.
70
Calculate the remainder when 28 is divided by 19.
9
Calculate the remainder when 13687 is divided by 13.
11
Calculate the remainder when 9140 is divided by 36.
32
What is the remainder when 201 is divided by 100?
1
What is the remainder when 348 is divided by 10?
8
What is the remainder when 1063 is divided by 153?
145
What is the remainder when 342 is divided by 111?
9
What is the remainder when 887 is divided by 55?
7
Calculate the remainder when 1457 is divided by 29.
7
Calculate the remainder when 31894 is divided by 41.
37
What is the remainder when 2668 is divided by 99?
94
Calculate the remainder when 731 is divided by 103.
10
What is the remainder when 126 is divided by 58?
10
What is the remainder when 166 is divided by 30?
16
What is the remainder when 147 is divided by 10?
7
What is the remainder when 73 is divided by 25?
23
What is the remainder when 250 is divided by 11?
8
Calculate the remainder when 41 is divided by 17.
7
Calculate the remainder when 198 is divided by 25.
23
Calculate the remainder when 175 is divided by 2.
1
What is the remainder when 1002 is divided by 19?
14
What is the remainder when 1025 is divided by 18?
17
What is the remainder when 88 is divided by 9?
7
Calculate the remainder when 578 is divided by 101.
73
What is the remainder when 411 is divided by 132?
15
What is the remainder when 1403 is divided by 26?
25
What is the remainder when 53 is divided by 11?
9
Calculate the remainder when 311 is divided by 52.
51
Calculate the remainder when 215 is divided by 57.
44
What is the remainder when 348 is divided by 60?
48
What is the remainder when 1340 is divided by 239?
145
Calculate the remainder when 3302 is divided by 3290.
12
What is the remainder when 124 is divided by 55?
14
Calculate the remainder when 46 is divided by 8.
6
Calculate the remainder when 447 is divided by 51.
39
Calculate the remainder when 433 is divided by 406.
27
What is the remainder when 2617 is divided by 154?
153
What is the remainder when 81 is divided by 34?
13
Calculate the remainder when 604 is divided by 299.
6
What is the remainder when 35585 is divided by 31?
28
What is the remainder when 7065 is divided by 14?
9
Calculate the remainder when 621 is divided by 48.
45
Calculate the remainder when 8978 is divided by 73.
72
Calculate the remainder when 14593 is divided by 11.
7
Calculate the remainder when 189 is divided by 50.
39
Calculate the remainder when 479 is divided by 121.
116
What is the remainder when 884 is divided by 291?
11
Calculate the remainder when 209 is divided by 107.
102
Calculate the remainder when 38949 is divided by 18.
15
What is the remainder when 1584 is divided by 190?
64
Calculate the remainder when 1745 is divided by 578.
11
Calculate the remainder when 3243 is divided by 77.
9
Calculate the remainder when 61 is divided by 21.
19
What is the remainder when 2762 is divided by 79?
76
What is the remainder when 575 is divided by 29?
24
Calculate the remainder when 812 is divided by 280.
252
What is the remainder when 56 is divided by 15?
11
Calculate the remainder when 133 is divided by 72.
61
What is the remainder when 7784 is divided by 12?
8
Calculate the remainder when 107 is divided by 58.
49
What is the remainder when 772 is divided by 31?
28
What is the remainder when 99 is divided by 17?
14
What is the remainder when 221 is divided by 7?
4
What is the remainder when 33 is divided by 12?
9
Calculate the remainder when 955 is divided by 29.
27
Calculate the remainder when 1148 is divided by 169.
134
Calculate the remainder when 288 is divided by 141.
6
Calculate the remainder when 64 is divided by 49.
15
Calculate the remainder when 950 is divided by 14.
12
What is the remainder when 387 is divided by 26?
23
What is the remainder when 228 is divided by 8?
4
Calculate the remainder when 135 is divided by 17.
16
What is the remainder when 273 is divided by 107?
59
Calculate the remainder when 31 is divided by 6.
1
Calculate the remainder when 71 is divided by 32.
7
What is the remainder when 20 is divided by 6?
2
What is the remainder when 388 is divided by 28?
24
Calculate the remainder when 768 is divided by 11.
9
What is the remainder when 3442 is divided by 28?
26
Calculate the remainder when 1225 is divided by 315.
280
Calculate the remainder when 370 is divided by 26.
6
What is the remainder when 2547 is divided by 29?
24
Calculate the remainder when 14299 is divided by 44.
43
Calculate the remainder when 162 is divided by 41.
39
What is the remainder when 273 is divided by 106?
61
Calculate the remainder when 153 is divided by 24.
9
Calculate the remainder when 167 is divided by 17.
14
Calculate the remainder when 201 is divided by 28.
5
Calculate the remainder when 6863 is divided by 156.
155
What is the remainder when 275 is divided by 17?
3
Calculate the remainder when 168 is divided by 9.
6
Calculate the remainder when 84 is divided by 17.
16
What is the remainder when 1678 is divided by 11?
6
What is the remainder when 2227 is divided by 140?
127
Calculate the remainder when 40873 is divided by 5.
3
Calculate the remainder when 139 is divided by 41.
16
Calculate the remainder when 367 is divided by 7.
3
Calculate the remainder when 1059 is divided by 53.
52
What is the remainder when 197 is divided by 53?
38
Calculate the remainder when 623 is divided by 33.
29
What is the remainder when 2484 is divided by 43?
33
Calculate the remainder when 92 is divided by 61.
31
What is the remainder when 3845 is divided by 13?
10
Calculate the remainder when 566 is divided by 81.
80
Calculate the remainder when 174 is divided by 161.
13
Calculate the remainder when 444 is divided by 57.
45
What is the remainder when 125 is divided by 14?
13
What is the remainder when 620 is divided by 9?
8
Calculate the remainder when 55 is divided by 11.
0
Calculate the remainder when 455 is divided by 6.
5
Calculate the remainder when 2662 is divided by 86.
82
Calculate the remainder when 171 is divided by 83.
5
What is the remainder when 173 is divided by 87?
86
What is the remainder when 1109 is divided by 139?
136
Calculate the remainder when 144 is divided by 29.
28
What is the remainder when 566 is divided by 38?
34
Calculate the remainder when 2633 is divided by 11.
4
What is the remainder when 234 is divided by 4?
2
What is the remainder when 459 is divided by 46?
45
Calculate the remainder when 35 is divided by 25.
10
What is the remainder when 66 is divided by 17?
15
Calculate the remainder when 11095 is divided by 38.
37
Calculate the remainder when 617 is divided by 57.
47
What is the remainder when 1236 is divided by 7?
4
What is the remainder when 187 is divided by 55?
22
Calculate the remainder when 4984 is divided by 1239.
28
What is the remainder when 71 is divided by 39?
32
What is the remainder when 6268 is divided by 33?
31
Calculate the remainder when 6530 is divided by 68.
2
Calculate the remainder when 459 is divided by 22.
19
What is the remainder when 197 is divided by 41?
33
Calculate the remainder when 1013 is divided by 274.
191
Calculate the remainder when 141 is divided by 130.
11
Calculate the remainder when 3505 is divided by 45.
40
What is the remainder when 94 is divided by 32?
30
Calculate the remainder when 3007 is divided by 14.
11
Calculate the remainder when 659 is divided by 33.
32
What is the remainder when 1223 is divided by 12?
11
What is the remainder when 25 is divided by 2?
1
Calculate the remainder when 197 is divided by 67.
63
Calculate the remainder when 1997 is divided by 987.
23
What is the remainder when 3